0298?
True
Is 925 a factor of 30826282?
False
Is 63918964 a multiple of 15?
False
Is 80553440 a multiple of 1237?
True
Is 68570061 a multiple of 391?
True
Is 12 a factor of 775637832?
True
Is 1011 a factor of 54343961?
False
Does 4853 divide 65966829?
True
Is 740607840 a multiple of 190?
True
Does 51 divide 219910764?
False
Is 249374011 a multiple of 680?
False
Is 652387 a multiple of 17?
False
Is 4914 a factor of 201655818?
True
Is 4544522 a multiple of 5?
False
Is 63231545 a multiple of 20?
False
Does 179 divide 2000809510?
False
Is 2015278042 a multiple of 2767?
True
Is 79 a factor of 174059831?
True
Is 17 a factor of 189543557?
True
Is 5 a factor of 126032744?
False
Is 96 a factor of 53094912?
True
Is 27474522 a multiple of 3?
True
Is 226 a factor of 2543659111?
False
Is 9 a factor of 33390486?
True
Is 5977995 a multiple of 685?
True
Is 38 a factor of 238986142?
True
Does 896 divide 1887035136?
True
Is 80656287 a multiple of 43?
False
Does 23 divide 3897311976?
False
Is 65502876 a multiple of 111?
True
Is 648 a factor of 156561984?
True
Does 82 divide 3723374?
True
Does 218 divide 1315112?
False
Is 600774272 a multiple of 28?
True
Is 87 a factor of 93662460?
True
Is 183 a factor of 105605851?
False
Does 50 divide 320901258?
False
Does 16 divide 14949856?
True
Is 9 a factor of 11775865?
False
Does 20 divide 278545265?
False
Is 130000896 a multiple of 2304?
True
Is 34084024 a multiple of 38?
True
Is 23632175 a multiple of 1627?
True
Does 8 divide 22472757?
False
Is 1461 a factor of 28216105?
False
Does 31 divide 1799674?
True
Does 566 divide 465479587?
False
Is 114 a factor of 975498?
True
Is 91 a factor of 79042306?
False
Is 37728530 a multiple of 98?
True
Does 24 divide 721968696?
True
Is 53 a factor of 449836171?
False
Is 33208566 even?
True
Is 228 a factor of 31438920?
True
Is 84 a factor of 20354024?
False
Is 20243430 a multiple of 131?
True
Is 37171261 a multiple of 824?
False
Does 258 divide 1283397184?
False
Is 47 a factor of 15249902?
True
Is 102859426 a multiple of 38?
True
Is 3268 a factor of 2292622916?
True
Does 743 divide 513135861?
True
Is 311874563 a multiple of 55?
False
Is 3496657350 a multiple of 1509?
False
Is 131190298 a multiple of 8?
False
Is 191092801 a multiple of 35?
False
Is 7 a factor of 9789688?
False
Does 16 divide 99133550?
False
Is 4072 a factor of 538395768?
True
Does 1238 divide 40543262?
True
Does 114 divide 37099704?
True
Does 10 divide 1626227226?
False
Is 69285936 a multiple of 1104?
True
Is 2980718538 a multiple of 334?
True
Is 88 a factor of 192713752?
True
Does 55 divide 356817505?
True
Is 1238368 a multiple of 11?
False
Does 1911 divide 3006654651?
True
Is 105 a factor of 41056050?
True
Is 302 a factor of 78075154?
True
Is 30038715 a multiple of 5?
True
Does 1758 divide 1333050306?
False
Is 26 a factor of 145713022?
True
Does 7426 divide 127706111?
False
Does 840 divide 6181914480?
True
Does 1233 divide 283419846?
True
Is 162 a factor of 329058549?
False
Is 330931 a multiple of 13?
False
Does 46 divide 75220395?
False
Is 472 a factor of 428990926?
False
Does 75 divide 27988374?
False
Is 6 a factor of 41877573?
False
Is 2212773 a multiple of 852?
False
Is 45800615 a multiple of 18?
False
Is 29664475 a multiple of 53?
False
Is 183 a factor of 141264837?
True
Does 7 divide 36103963?
True
Is 161 a factor of 20103224?
False
Is 261 a factor of 11147982?
False
Is 297709394 a multiple of 1220?
False
Does 3242 divide 102100306?
True
Is 8408 a factor of 1196239792?
True
Does 6 divide 7975399?
False
Does 1672 divide 780638408?
True
Is 1761 a factor of 101961900?
True
Is 122 a factor of 3087586614?
True
Does 52 divide 6603272?
True
Does 93 divide 41741097?
True
Does 10 divide 223813390?
True
Does 8 divide 1415312768?
True
Does 32 divide 67015281?
False
Is 1334440 a multiple of 4?
True
Is 37283619 a multiple of 19?
False
Is 1176 a factor of 69821472?
True
Is 283896592 a multiple of 158?
False
Does 25 divide 9838458?
False
Does 233 divide 11108974?
True
Is 795518366 a multiple of 319?
False
Is 1859356512 a multiple of 12?
True
Is 10282198 a multiple of 20?
False
Does 8461 divide 5458464895?
False
Does 171 divide 80238501?
True
Is 149 a factor of 358822247?
True
Is 549 a factor of 3110850229?
False
Does 2 divide 106270306?
True
Is 7 a factor of 87168928?
True
Is 380037996 a multiple of 7547?
False
Is 41599802 a multiple of 281?
True
Is 34818000 a multiple of 10?
True
Is 46 a factor of 24245609?
False
Does 9044 divide 2941732836?
True
Is 161729088 a multiple of 632?
False
Is 562 a factor of 30094671?
False
Is 268339878 a multiple of 162?
True
Does 2021 divide 72215350?
False
Is 69007455 a multiple of 495?
True
Is 193 a factor of 600441735?
False
Is 12 a factor of 3111117215?
False
Is 3 a factor of 15002116?
False
Is 1386278 a multiple of 19?
True
Does 2321 divide 52068090?
False
Is 410538438 a multiple of 334?
True
Is 178 a factor of 18620387?
False
Is 872962350 a multiple of 75?
True
Is 1105 a factor of 12315658?
False
Is 13 a factor of 46102290?
True
Is 10914579 a multiple of 19?
False
Is 1196 a factor of 13675992?
False
Is 597756745 a multiple of 6?
False
Does 45 divide 286563383?
False
Does 16 divide 3940438544?
True
Is 200143285 a multiple of 215?
True
Is 1712 a factor of 32695776?
True
Is 3259798528 a multiple of 7?
True
Does 53 divide 100282731?
True
Does 3345 divide 2934240690?
True
Is 310362205 a multiple of 92?
False
Is 3783 a factor of 60365331?
True
Does 311 divide 192283659?
False
Does 582 divide 877306032?
False
Is 5 a factor of 18430784?
False
Is 11 a factor of 441700765?
True
Is 114482689 a multiple of 10?
False
Does 48 divide 44785644?
False
Is 21 a factor of 708160362?
True
Is 141 a factor of 169904894?
False
Does 1856 divide 77475048?
False
Does 140 divide 20098506?
False
Is 12 a factor of 3001857864?
True
Does 1215 divide 60057450?
True
Is 17475865 a multiple of 55?
True
Does 128 divide 71379328?
True
Is 3683 a factor of 1365738999?
False
Is 161 a factor of 22882311?
False
Is 27059690 a multiple of 239?
False
Does 11 divide 218691?
True
Is 1245 a factor of 262137916?
False
Is 234973440 a multiple of 6?
True
Does 781 divide 29456851?
False
Is 76 a factor of 8074498?
False
Is 3 a factor of 9356308?
False
Is 358890657 a multiple of 1658?
False
Is 1674 a factor of 14968908?
True
Is 30 a factor of 42025870?
False
Is 5 a factor of 159588011?
False
Is 9335064 a multiple of 2819?
False
Is 12 a factor of 1475384?
False
Does 652 divide 39322772?
True
Does 3301 divide 3585565419?
False
Is 23 a factor of 71322287?
True
Is 7 a factor of 64508508?
False
Is 9 a factor of 50031956?
False
Is 66659057 a multiple of 12?
False
Is 62266135 a multiple of 26?
False
Does 34 divide 395552498?
True
Is 5621592 a multiple of 58?
True
Is 12 a factor of 31906311?
False
Is 87 a factor of 25816775?
False
Is 23 a factor of 207201457?
True
Does 99 divide 2607665742?
True
Does 8 divide 4424504?
True
Does 84 divide 2835899893?
False
Is 100388400 a multiple of 17?
True
Is 213203288 a multiple of 542?
True
Is 1504 a factor of 128194944?
True
Is 57 a factor of 159912531?
True
Is 3711920 a multiple of 8?
True
Does 26 divide 136800508?
True
Does 41 divide 42265219?
True
Is 263584126 a multiple of 13?
True
Is 78536386 a multiple of 15?
False
Does 82 divide 21582611?
False
Is 302247447 a multiple of 3820?
False
Is 16031424 a multiple of 546?
False
Does 43 divide 680428097?
False
Is 36 a factor of 213656652?
True
Does 226 divide 859264430?
True
Is 44 a factor of 388004281?
False
Is 2 a factor of 331077563?
False
Is 6 a factor of 1915376050?
False
Does 3040 divide 31105280?
True
Is 5 a factor of 121019002?
False
Is 7342007 a multiple of 5?
False
Does 40 divide 804700920?
True
Is 51 a factor of 119431963?
False
Does 13 divide 50207576?
False
Does 7 divide 1543425?
False
Is 9701100 a multiple of 45?
True
Does 463 divide 454934729?
False
Is 3396328 a multiple of 4?
True
Is 202685406 a multiple of 242?
True
Is 505654499 a multiple of 3?
False
Is 18 a factor of 19474344?
True
Is 702580 a multiple of 4?
True
Is 2264 a factor of 15562736?
True
Does 43 divide 37077756?
False
Is 59995048 a multiple of 21?
False
Is 120554229 a multiple of 798?
False
Is 146 a factor of 14429618?
True
Does 18 divide 42133262?
False
Is 57 a factor of 27360?
True
Do